. Let a be n(-4). Let s(w) = w + 16. What are the prime factors of s(a)?
3
Let p(c) = c**2 + 2*c + 4. Suppose 0 = -5*o + 2*o - 3*b - 9, 5*b = 5. List the prime factors of p(o).
2, 3
What are the prime factors of (-5 + 2)*-74*2/12?
37
Let k be (-1)/5 - 46/(-5). Let r = k + 5. List the prime factors of r.
2, 7
Let w = -15 - -1. Suppose 0 = 5*x + 2*c - 108, 2*c - 48 = 3*x - 5*x. Let l = x + w. What are the prime factors of l?
2, 3
Let n = 1 + 0. List the prime factors of n/2*(0 + 26).
13
Let z = 220 + -134. Let w = z + -59. Let o = w - 6. List the prime factors of o.
3, 7
Let d(l) = -5*l**3 + 2*l**2 + 4*l - 9. Let i(t) = 14*t**3 - 6*t**2 - 11*t + 26. Let z(r) = 17*d(r) + 6*i(r). What are the prime factors of z(-3)?
2, 3
Let x = 4 - 4. Suppose -37 = 3*d - g - 3, x = -4*d + 2*g - 46. List the prime factors of (0 - 1)/(1/d).
11
Suppose o + 4*s - 17 = 0, 3*s - 46 = -4*o - 4. Suppose 5*h - 6 = o. What are the prime factors of h?
3
Let f be 0 + -2 + 24 + -4. Suppose 2*v = -0*v - 3*c + f, 3*v + 2*c - 32 = 0. What are the prime factors of v?
2, 3
Let i(a) = -a**3 + a**2 + a + 6. Let m(h) = -2*h**3 + 3*h**2 + 2*h + 11. Let u(n) = 5*i(n) - 2*m(n). What are the prime factors of u(0)?
2
Let c be 2/3*3 - -3. Let h be (2/c)/((-6)/(-30)). Suppose -71 = -4*g - 0*g - 5*o, -h*o = -2*g + 40. What are the prime factors of g?
19
Let z = 39 - 81. Let u = -16 - z. List the prime factors of u.
2, 13
Let q be 4/(-14) + (-782)/7. Let z be ((-6)/8)/(4/q). Let u = 29 - z. List the prime factors of u.
2
Let x = -14 - -29. List the prime factors of x.
3, 5
Suppose -5*n + y - 10 = -0*y, -10 = 5*n + 4*y. Let x be ((-5)/n)/((-6)/(-24)). Suppose -2*h + x = -14. What are the prime factors of h?
2, 3
Suppose -1073 = -5*c + 3*o, -4*o + 0*o = 5*c - 1066. What are the prime factors of c?
2, 107
Suppose -4*l + 18 = -2*s + 64, -l = 5*s - 5. List the prime factors of (-38 + 2)*l/8.
3, 5
List the prime factors of -1*140/(12/(-3)).
5, 7
Let q(o) = 6*o**2 + 3*o. Let i = 1 - 3. List the prime factors of q(i).
2, 3
Let m(v) be the second derivative of 1/6*v**4 - 1/20*v**5 + 0*v**2 + 0 + 1/2*v**3 + 2*v. What are the prime factors of m(-2)?
2, 5
Suppose -71 = 4*i + 5*z - 353, 0 = -5*i + 4*z + 373. List the prime factors of i.
73
Let k(t) = t**3 + 3*t**2 - 3*t + 4. Let j be k(-4). Let i(u) = 5 - 3*u**2 - 1 + 2*u**2. List the prime factors of i(j).
2
Let v = 7 + -5. Suppose 0 = -v*r + 5*r - 63. What are the prime factors of r?
3, 7
Let y(c) = -3*c - c + c - 4 + c. What are the prime factors of y(-4)?
2
Let o(z) = -z - 1. Let t be o(-3). Suppose -94 = -3*j - 2*r, 0*r + 51 = t*j - r. What are the prime factors of j?
2, 7
Suppose 2*f + 4 = 4*f. Suppose 0*z + 3*y + 37 = 2*z, -z + f*y + 17 = 0. What are the prime factors of z?
23
Let g = 29 - 44. Let x = -8 - g. Suppose 0 = 2*z - x*z + 60. What are the prime factors of z?
2, 3
Let c = 62 + -14. What are the prime factors of c?
2, 3
Suppose 0*q - 17 = 4*i - q, 29 = -3*i + 4*q. Let d be 3*(-5)/i + -2. Suppose -5*k + 4 = d*m, -m + 2*k - 5*k = 4. What are the prime factors of m?
2
List the prime factors of ((-2)/4)/((-1)/66).
3, 11
Suppose 55 + 35 = -3*m. Let w = 43 + m. What are the prime factors of w?
13
What are the prime factors of (5/(-2))/((-6)/192)?
2, 5
List the prime factors of (8 - 12) + 0 + 80.
2, 19
Let h = 315 + -163. List the prime factors of h.
2, 19
Let g(q) = q**2 - 4*q + 5. Let t be g(-5). What are the prime factors of ((-18)/30)/((-2)/t)?
3, 5
Let l(n) = -n**3 - 2*n**2 - 6*n + 11. What are the prime factors of l(-6)?
191
Suppose 5*p + 1 = 16. Suppose 4*l - 7*l = -5*x - 23, -3*x - 11 = l. Let r = p - l. List the prime factors of r.
2
Suppose 0 = -3*a - 2*h + 10, 0 = 3*h - 4*h + 2. Let u be (1*a)/(4/52). Let w = u - 15. List the prime factors of w.
11
Suppose -3*l - 2*l - 5*a = -920, -3*l + 558 = a. What are the prime factors of l?
11, 17
Suppose 6*b - 7*b - g + 102 = 0, -4*b = -4*g - 384. List the prime factors of b.
3, 11
List the prime factors of (-515)/(-10) - 2 - (-9)/(-6).
2, 3
Suppose 1 = 4*i - 11. What are the prime factors of ((-9)/4)/(i/(-8))?
2, 3
Suppose 0 = -2*u - 2*u + 44. Let l = 16 - u. Suppose 4*s + 19 = c, 5*c + 24 - 69 = -l*s. List the prime factors of c.
11
Let n(z) = -z - 1. Let b(k) = -11*k**2 + k + 2. Let t(v) = -b(v) - 2*n(v). List the prime factors of t(-1).
2, 5
Let d = -1 - -5. Suppose -h - 5*q - 2 = -0, d*q + 19 = 5*h. What are the prime factors of h?
3
Let i(y) = y - y + 0*y - 1 + 2*y. List the prime factors of i(3).
5
Let t(s) = -s + 13. What are the prime factors of t(6)?
7
Let b be (-71)/(-1 + 3 + -1). Let u = 51 + b. What are the prime factors of ((-6)/(-4))/((-2)/u)?
3, 5
Suppose 5*l + 14 = -4*m + 44, 5*m - 2*l - 21 = 0. Suppose -8 = -2*h + m*o - o, -2*o + 32 = 2*h. What are the prime factors of 28/h + 1/(-3)?
2
Suppose g + g = 6. Suppose -3*o + g = -3. Suppose -3*y = -m - 25, o*y - 7*y = 3*m - 23. List the prime factors of y.
7
Suppose 28*t - 120 = 27*t. What are the prime factors of t?
2, 3, 5
Let s = 5 + -5. Let d(c) = -1 + 6*c - 2 + s + c**2. What are the prime factors of d(-7)?
2
Suppose -43 = 5*i - 113. Suppose 0 = 3*m - 6, j = -10*m + 5*m + i. List the prime factors of j*(1/2 - 0).
2
Suppose 0 = 4*i - 12 - 12. Suppose 0*s - s = -i. List the prime factors of s.
2, 3
Let q(t) = t**2 + 2*t - 1. Let p be q(-2). Let k be -4 - (2 - 0 - p). Let z = -5 - k. What are the prime factors of z?
2
Let f = 22 - 16. List the prime factors of f.
2, 3
Let v be 1/(-3)*60/(-4). Let d(k) = k**3 - 4*k**2 - 4*k - 2. Let w be d(v). List the prime factors of 8 + (w - (0 - -3)).
2
Let q(d) = 3*d**2 - 1. Let o be (8/(-20))/((-1)/(-15)). Let b = -4 - o. List the prime factors of q(b).
11
Let d(c) = 2*c**2 + 7*c - 31. Let g(k) = k**2 + 4*k - 16. Let i(l) = -4*d(l) + 7*g(l). Let m be i(0). Suppose 5*o - m = o. List the prime factors of o.
3
Let d(l) = -l**3 + 15*l**2 + 19*l + 49. List the prime factors of d(15).
2, 167
Suppose -2*g + 5*u + 28 = u, -3*g = -4*u - 44. Let n be -2 - 5/((-10)/g). Suppose -n = -3*x + 2*k + 19, -4*x - 5*k + 41 = 0. What are the prime factors of x?
3
Suppose -2*r + r + 1 = 0. List the prime factors of r/2*(28 - 4).
2, 3
Suppose 3*k + 0*k + 78 = 3*m, -5*m = k - 112. What are the prime factors of m?
23
Let x(q) = -5*q + 10. What are the prime factors of x(-4)?
2, 3, 5
Let a = -19 - -11. Let p = 12 + a. What are the prime factors of (16/20)/(p/10)?
2
Let u = 2 - 10. List the prime factors of 92/(-16)*u/2.
23
Suppose 0 = -x - 3*d - 36, -68 = 2*x + 4*d - 2*d. Let p = x - -55. Let w = -12 + p. What are the prime factors of w?
2, 5
Let q = -12 - -17. What are the prime factors of q?
5
Suppose 5*p = -s + 31, -40 = -4*p + 4*s - s. Suppose 11*w = p*w + 104. List the prime factors of w.
2, 13
Let c(w) be the third derivative of 5*w**4/24 - w**3/3 - 6*w**2. List the prime factors of c(6).
2, 7
Let k(b) = -b**2 - 18*b + 13. Let j be k(-11). Suppose -3*h + j = 2*h. What are the prime factors of h?
2, 3
Let p be 2/(-4) - (-18)/4. Let w = p + -6. Let o(z) = z + 4. What are the prime factors of o(w)?
2
Let n = 1 - 1. Suppose -5*j + 11 + 44 = n. List the prime factors of j.
11
Let k = -1 + 5. Let n be ((-4)/(-3))/((-12)/(-18)). Suppose -k*x - 15 = x, 0 = n*g + 5*x + 5. List the prime factors of g.
5
Let c(a) = 33*a - 32. List the prime factors of c(7).
199
Suppose -8 = k - 5*k. Let n(c) = k*c - 2 + 0*c + 2*c**2 + 0*c. What are the prime factors of n(-2)?
2
Let s = 2 - 0. Suppose -5*r = -s*r + 3. List the prime factors of (r*2 - -11) + 0.
3
Suppose 604 = -9*o + 13*o. What are the prime factors of o?
151
Let a(g) = -g**3 - 5*g**2 - g - 7. Let b be a(-5). Let z be (-14)/(-4) - b/(-4). Suppose z*c + 0*c - 18 = 0. What are the prime factors of c?
2, 3
Let i = 18 - 8. Let m(h) = h**2 - 8*h + 8. What are the prime factors of m(i)?
2, 7
Let z be (-1 - -1)/(1 + -3). Suppose -4*g = -z*g - 20. Suppose -g*x + 23 = -7. What are the prime factors of x?
2, 3
Let g = 46 - 79. Let a = -20 - g. Suppose x = a - 3. List the prime factors of x.
2, 5
What are the prime factors of 46/12 + (-4)/(-24)?
2
What are the prime factors of (-5)/(-1)*14*(-1)/(-2)?
5, 7
Let q = 3 + 1. Suppose q*g + 7*k = 2*k + 67, 5*k - 54 = -3*g. List the prime factors of g.
13
Let g = 0 - -2. Suppose g*d + 3*d = 0. Let b = d + 17. List the prime factors of b.
17